31.155.23.86 - - [20/Sep/2026:05:48:39 -0700] "GET /wp-content/uploads/2026/04/Heritage-is-the-breath-of-culture.-e1776495378217-350x250.jpg HTTP/1.1" 200 20501 "https://google.com, https://www.maharashtracrimetimes.com/category/special-articles/" "Mozilla/5.0 (Windows NT 6.0; Win64; x64) AppleWebKit/537.36 (KHTML, like Gecko) Chrome/77.0 Safari/537.36 OPR/58.0.3135.127" 10 **0/10037**
40.77.167.224 - - [20/Sep/2026:05:48:58 -0700] "GET /drug-smuggler-lalit-patil-passed-away-from-sassoon-hospital/ HTTP/2.0" 200 30430 "-" "Mozilla/5.0 AppleWebKit/537.36 (KHTML, like Gecko; compatible; bingbot/2.0; +http://www.bing.com/bingbot.htm) Chrome/116.0.1938.76 Safari/537.36" 303 **0/303979**
40.77.167.224 - - [20/Sep/2026:05:48:59 -0700] "GET /acb-team-made-the-arrest/ HTTP/2.0" 200 29193 "-" "Mozilla/5.0 AppleWebKit/537.36 (KHTML, like Gecko; compatible; bingbot/2.0; +http://www.bing.com/bingbot.htm) Chrome/116.0.1938.76 Safari/537.36" 1486 **1/1486273**
40.77.167.224 - - [20/Sep/2026:05:49:01 -0700] "GET /agriculture-minister-adv-manikrao-kokate/ HTTP/2.0" 200 31105 "-" "Mozilla/5.0 AppleWebKit/537.36 (KHTML, like Gecko; compatible; bingbot/2.0; +http://www.bing.com/bingbot.htm) Chrome/116.0.1938.76 Safari/537.36" 1522 **1/1522506**
40.77.167.224 - - [20/Sep/2026:05:49:03 -0700] "GET /iccs-big-decision-there-will-be-no-india-pakistan-match-in-the-world-cup/ HTTP/2.0" 200 29652 "-" "Mozilla/5.0 AppleWebKit/537.36 (KHTML, like Gecko; compatible; bingbot/2.0; +http://www.bing.com/bingbot.htm) Chrome/116.0.1938.76 Safari/537.36" 328 **0/328307**
40.77.167.224 - - [20/Sep/2026:05:49:03 -0700] "GET /transport-change-for-filing-candidature-in-thane-bhiwandi/ HTTP/2.0" 200 29835 "-" "Mozilla/5.0 AppleWebKit/537.36 (KHTML, like Gecko; compatible; bingbot/2.0; +http://www.bing.com/bingbot.htm) Chrome/116.0.1938.76 Safari/537.36" 1520 **1/1520804**
157.55.39.202 - - [20/Sep/2026:05:49:05 -0700] "GET /big-decision-of-contract-workers/ HTTP/2.0" 200 30539 "-" "Mozilla/5.0 AppleWebKit/537.36 (KHTML, like Gecko; compatible; bingbot/2.0; +http://www.bing.com/bingbot.htm) Chrome/116.0.1938.76 Safari/537.36" 343 **0/343284**
157.55.39.202 - - [20/Sep/2026:05:49:06 -0700] "GET /sts-entire-fleet-to-be-e-buses-by-2047-instructions-to-speed-up-construction-of-charging-stations/ HTTP/2.0" 200 31560 "-" "Mozilla/5.0 AppleWebKit/537.36 (KHTML, like Gecko; compatible; bingbot/2.0; +http://www.bing.com/bingbot.htm) Chrome/116.0.1938.76 Safari/537.36" 1467 **1/1467131**
185.191.171.5 - - [20/Sep/2026:05:49:26 -0700] "GET /author/admin/page/80/ HTTP/1.1" 200 28509 "-" "Mozilla/5.0 (compatible; SemrushBot/7~bl; +http://www.semrush.com/bot.html)" 386 **0/386905**
85.208.96.204 - - [20/Sep/2026:05:49:29 -0700] "GET /hit-and-run-bigg-boss-fame-actress-shoots-three-people/ HTTP/1.1" 200 29228 "-" "Mozilla/5.0 (compatible; SemrushBot/7~bl; +http://www.semrush.com/bot.html)" 277 **0/277095**
66.249.72.66 - - [20/Sep/2026:05:49:41 -0700] "GET /new-twist-in-disha-salian-death-case-cbi-registers-fir/ HTTP/1.1" 200 32116 "-" "Mozilla/5.0 (compatible; Googlebot/2.1; +http://www.google.com/bot.html)" 272 **0/272012**
66.249.71.33 - - [20/Sep/2026:05:49:52 -0700] "POST /?ajax-request=jnews HTTP/1.1" 200 120 "https://www.maharashtracrimetimes.com/dream-11s-big-decision-everyone-should-withdraw-their-money-appeal-from-the-company/" "Mozilla/5.0 (Linux; Android 6.0.1; Nexus 5X Build/MMB29P) AppleWebKit/537.36 (KHTML, like Gecko) Chrome/153.0.8010.47 Mobile Safari/537.36 (compatible; Googlebot/2.1; +http://www.google.com/bot.html)" 144 **0/144526**
85.208.96.200 - - [20/Sep/2026:05:50:08 -0700] "GET /eleven-journalist-organizations-met-governor-ramesh-bais/ HTTP/1.1" 200 29286 "-" "Mozilla/5.0 (compatible; SemrushBot/7~bl; +http://www.semrush.com/bot.html)" 1538 **1/1538700**
185.191.171.13 - - [20/Sep/2026:05:50:13 -0700] "GET /state-government-directs-all-municipalities-to-prepare-action-plan-for-pedestrian-safety/ HTTP/1.1" 200 29941 "-" "Mozilla/5.0 (compatible; SemrushBot/7~bl; +http://www.semrush.com/bot.html)" 384 **0/384440**
185.191.171.15 - - [20/Sep/2026:05:50:16 -0700] "GET /bcci-will-decide-soon-will-make-a-comeback-in-this-tournament-shikhar-dhawan-will-be-the-captain-of-team-india-once-again/ HTTP/1.1" 200 31528 "-" "Mozilla/5.0 (compatible; SemrushBot/7~bl; +http://www.semrush.com/bot.html)" 1521 **1/1521390**
85.208.96.197 - - [20/Sep/2026:05:50:21 -0700] "GET /income-tax-department-raid/ HTTP/1.1" 200 29635 "-" "Mozilla/5.0 (compatible; SemrushBot/7~bl; +http://www.semrush.com/bot.html)" 1512 **1/1512006**
104.151.159.25 - - [20/Sep/2026:05:50:44 -0700] "GET / HTTP/1.1" 200 32870 "http://maharashtracrimetimes.com/" "Mozilla/5.0 (iPhone; CPU iPhone OS 17_3_1 like Mac OS X) AppleWebKit/605.1.15 (KHTML, like Gecko) Version/17.3.1 Mobile/15E148 Safari/604.1" 610 **0/610604**
66.249.72.66 - - [20/Sep/2026:05:50:52 -0700] "GET /new-twist-in-disha-salian-death-case-cbi-registers-fir/ HTTP/1.1" 200 32116 "-" "Mozilla/5.0 (compatible; Googlebot/2.1; +http://www.google.com/bot.html)" 321 **0/321231**
85.208.96.194 - - [20/Sep/2026:05:50:54 -0700] "GET /robots.txt HTTP/1.1" 200 121 "-" "Mozilla/5.0 (compatible; SemrushBot/7~bl; +http://www.semrush.com/bot.html)" 108 **0/108331**
43.225.188.116 - - [20/Sep/2026:05:50:58 -0700] "GET /category/maharashtra/ HTTP/2.0" 200 29996 "-" "Mozilla/5.0 (Windows NT 10.0; Win64; x64) AppleWebKit/537.36 (KHTML, like Gecko) Chrome/152.0.0.0 Safari/537.36" 320 **0/320797**
68.178.147.207 - - [20/Sep/2026:05:51:26 -0700] "POST /wp-cron.php?doing_wp_cron=1789908686.3573980331420898437500 HTTP/1.1" 200 - "https://www.maharashtracrimetimes.com/wp-cron.php?doing_wp_cron=1789908686.3573980331420898437500" "WordPress/6.0.6; https://www.maharashtracrimetimes.com" 153 **0/153361**
40.77.167.224 - - [20/Sep/2026:05:51:26 -0700] "GET /over-355-artificial-ponds-for-bappas-immersion-are-now-directly-on-google-maps/ HTTP/2.0" 200 30931 "-" "Mozilla/5.0 AppleWebKit/537.36 (KHTML, like Gecko; compatible; bingbot/2.0; +http://www.bing.com/bingbot.htm) Chrome/116.0.1938.76 Safari/537.36" 466 **0/466415**
66.249.72.68 - - [20/Sep/2026:05:51:38 -0700] "POST /?ajax-request=jnews HTTP/1.1" 200 120 "https://www.maharashtracrimetimes.com/indias-goal-to-make-a-name-for-itself-in-the-world-in-football-too-chief-minister-devendra-fadnavis/" "Mozilla/5.0 (Linux; Android 6.0.1; Nexus 5X Build/MMB29P) AppleWebKit/537.36 (KHTML, like Gecko) Chrome/153.0.8010.47 Mobile Safari/537.36 (compatible; Googlebot/2.1; +http://www.google.com/bot.html)" 163 **0/163620**
85.208.96.210 - - [20/Sep/2026:05:52:28 -0700] "GET /pay-and-park-rules-to-be-implemented-on-these-six-roads-pune-municipal-corporations-decision/ HTTP/1.1" 200 30095 "-" "Mozilla/5.0 (compatible; SemrushBot/7~bl; +http://www.semrush.com/bot.html)" 1551 **1/1551083**
77.83.68.28 - - [20/Sep/2026:05:52:34 -0700] "GET /category/sports/ HTTP/2.0" 200 29138 "-" "Mozilla/5.0 (Windows NT 10.0; Win64; x64) AppleWebKit/537.36 (KHTML, like Gecko) Chrome/152.0.0.0 Safari/537.36" 288 **0/288376**
157.55.39.202 - - [20/Sep/2026:05:52:34 -0700] "GET /prime-minister-narendra-modis-new-scheme-youth-will-get-rs-1000-every-month/ HTTP/2.0" 200 29296 "-" "Mozilla/5.0 AppleWebKit/537.36 (KHTML, like Gecko; compatible; bingbot/2.0; +http://www.bing.com/bingbot.htm) Chrome/116.0.1938.76 Safari/537.36" 1466 **1/1466955**
40.77.167.224 - - [20/Sep/2026:05:52:39 -0700] "GET /action-taken-on-406-vehicles/ HTTP/2.0" 200 28804 "-" "Mozilla/5.0 AppleWebKit/537.36 (KHTML, like Gecko; compatible; bingbot/2.0; +http://www.bing.com/bingbot.htm) Chrome/116.0.1938.76 Safari/537.36" 1453 **1/1453971**
40.77.167.224 - - [20/Sep/2026:05:52:41 -0700] "GET /gang-of-mobile-phone-thieves-active-on-railway-tracks-police-patrolling-underway/ HTTP/2.0" 200 30744 "-" "Mozilla/5.0 AppleWebKit/537.36 (KHTML, like Gecko; compatible; bingbot/2.0; +http://www.bing.com/bingbot.htm) Chrome/116.0.1938.76 Safari/537.36" 1430 **1/1430822**
68.178.147.207 - - [20/Sep/2026:05:52:49 -0700] "POST /wp-cron.php?doing_wp_cron=1789908769.6077940464019775390625 HTTP/1.1" 200 - "https://www.maharashtracrimetimes.com/wp-cron.php?doing_wp_cron=1789908769.6077940464019775390625" "WordPress/6.0.6; https://www.maharashtracrimetimes.com" 133 **0/133734**
40.77.167.116 - - [20/Sep/2026:05:52:49 -0700] "GET /prime-minister-narendra-modi-inaugurates-bsnl-4g-network-remote-villages-and-hilly-areas-will-benefit-the-most-pm-believes/ HTTP/2.0" 200 30039 "-" "Mozilla/5.0 AppleWebKit/537.36 (KHTML, like Gecko; compatible; bingbot/2.0; +http://www.bing.com/bingbot.htm) Chrome/116.0.1938.76 Safari/537.36" 1697 **1/1697241**
212.70.4.0 - - [20/Sep/2026:05:52:52 -0700] "GET /game-over-for-touts-irctc-permanently-shuts-down-3-04-crore-suspicious-ids HTTP/2.0" 301 - "https://www.google.com/" "Mozilla/5.0 (Windows NT 10.0; Win64; x64) AppleWebKit/537.36 (KHTML, like Gecko) Chrome/131.0.0.0 Safari/537.36" 124 **0/124633**
62.101.173.128 - - [20/Sep/2026:05:52:54 -0700] "GET /game-over-for-touts-irctc-permanently-shuts-down-3-04-crore-suspicious-ids/ HTTP/2.0" 200 32117 "https://maharashtracrimetimes.com/game-over-for-touts-irctc-permanently-shuts-down-3-04-crore-suspicious-ids" "Mozilla/5.0 (Windows NT 10.0; Win64; x64) AppleWebKit/537.36 (KHTML, like Gecko) Chrome/131.0.0.0 Safari/537.36" 302 **0/302817**
185.191.171.13 - - [20/Sep/2026:05:53:04 -0700] "GET /proposal-for-tree-plantation-on-4-acres-of-land-in-mumbai-submitted-to-administration/ HTTP/1.1" 200 30260 "-" "Mozilla/5.0 (compatible; SemrushBot/7~bl; +http://www.semrush.com/bot.html)" 1487 **1/1487751**
47.128.16.146 - - [20/Sep/2026:05:53:10 -0700] "GET / HTTP/2.0" 403 13 "-" "Mozilla/5.0 (Linux; Android 5.0) AppleWebKit/537.36 (KHTML, like Gecko) Mobile Safari/537.36 (compatible; TikTokSpider; ttspider-feedback@tiktok.com)" 9 **0/9817**
185.191.171.13 - - [20/Sep/2026:05:53:29 -0700] "GET /chief-minister-eknath-shindes-warning/ HTTP/1.1" 200 30090 "-" "Mozilla/5.0 (compatible; SemrushBot/7~bl; +http://www.semrush.com/bot.html)" 317 **0/317568**
91.197.253.22 - - [20/Sep/2026:05:53:46 -0700] "GET / HTTP/2.0" 200 32859 "-" "Mozilla/5.0 (Windows NT 10.0; Win64; x64) AppleWebKit/537.36 (KHTML, like Gecko) Chrome/152.0.0.0 Safari/537.36 Edg/152.0.0.0" 609 **0/609512**
185.191.171.3 - - [20/Sep/2026:05:54:25 -0700] "GET /an-elderly-business-couple-is-defrauded-by-a-banks-relationship-manager-dalla-at-nine-crore-40-lakhs/ HTTP/1.1" 200 31351 "-" "Mozilla/5.0 (compatible; SemrushBot/7~bl; +http://www.semrush.com/bot.html)" 297 **0/297863**
185.191.171.10 - - [20/Sep/2026:05:54:37 -0700] "GET /remove-reservation-campaign-goes-viral-on-instagram-the-reservation-issue-reignites-a-spark-on-social-media/ HTTP/1.1" 200 32215 "-" "Mozilla/5.0 (compatible; SemrushBot/7~bl; +http://www.semrush.com/bot.html)" 1529 **1/1529879**
107.181.159.224 - - [20/Sep/2026:05:54:43 -0700] "GET /category/crime/ HTTP/1.1" 200 29443 "https://www.yahoo.com/" "Mozilla/5.0 (Linux; Android 14; SM-A135F Build/UP1A.231005.007; ) AppleWebKit/537.36 (KHTML, like Gecko) Version/4.0 Chrome/139.0.7258.160 Mobile Safari/537.36 BingSapphire/32.3.430811005" 391 **0/391300**
153.66.191.159 - - [20/Sep/2026:05:54:56 -0700] "GET / HTTP/2.0" 200 32868 "https://www.yahoo.com/" "Mozilla/5.0 (iPhone; CPU iPhone OS 17_4 like Mac OS X) AppleWebKit/605.1.15 (KHTML, like Gecko) EdgiOS/122.0.2365.99 Version/17.0 Mobile/15E148 Safari/604.1" 457 **0/457117**
153.66.191.159 - - [20/Sep/2026:05:54:58 -0700] "GET /category/maharashtra/ HTTP/2.0" 200 30010 "https://www.maharashtracrimetimes.com/" "Mozilla/5.0 (iPhone; CPU iPhone OS 17_4 like Mac OS X) AppleWebKit/605.1.15 (KHTML, like Gecko) EdgiOS/122.0.2365.99 Version/17.0 Mobile/15E148 Safari/604.1" 352 **0/352891**
85.208.96.208 - - [20/Sep/2026:05:55:05 -0700] "GET /%E0%A4%A8%E0%A4%BE%E0%A4%B0%E0%A5%8D%E0%A4%B5%E0%A5%87%E0%A4%95%E0%A4%B0%E0%A4%BE%E0%A4%82%E0%A4%9A%E0%A4%82-%E0%A4%A8%E0%A4%BF%E0%A4%B5%E0%A4%A1%E0%A4%A3%E0%A5%82%E0%A4%95-%E0%A4%86%E0%A4%AF%E0%A5%8B/ HTTP/1.1" 200 30272 "-" "Mozilla/5.0 (compatible; SemrushBot/7~bl; +http://www.semrush.com/bot.html)" 1566 **1/1566106**
187.14.231.246 - - [20/Sep/2026:05:55:13 -0700] "GET /category/politics/ HTTP/2.0" 200 29587 "https://www.maharashtracrimetimes.com/" "Mozilla/5.0 (iPhone; CPU iPhone OS 17_3_1 like Mac OS X) AppleWebKit/605.1.15 (KHTML, like Gecko) FxiOS/124.0 Mobile/15E148 Safari/605.1.15" 418 **0/418695**
85.208.96.207 - - [20/Sep/2026:05:55:13 -0700] "GET /fine-will-be-collected-from-ticketless-passengers/ HTTP/1.1" 200 28732 "-" "Mozilla/5.0 (compatible; SemrushBot/7~bl; +http://www.semrush.com/bot.html)" 1545 **1/1545458**
40.77.167.224 - - [20/Sep/2026:05:55:31 -0700] "GET /chief-ministers-order-to-distribute-3500-acres-of-land-within-100-days-regarding-midc-plots/ HTTP/2.0" 200 31414 "-" "Mozilla/5.0 AppleWebKit/537.36 (KHTML, like Gecko; compatible; bingbot/2.0; +http://www.bing.com/bingbot.htm) Chrome/116.0.1938.76 Safari/537.36" 1575 **1/1575206**
157.55.39.202 - - [20/Sep/2026:05:55:35 -0700] "GET /category/maharashtra/pune/page/102/ HTTP/2.0" 200 28650 "-" "Mozilla/5.0 AppleWebKit/537.36 (KHTML, like Gecko; compatible; bingbot/2.0; +http://www.bing.com/bingbot.htm) Chrome/116.0.1938.76 Safari/537.36" 347 **0/347438**
52.167.144.21 - - [20/Sep/2026:05:55:41 -0700] "GET /wp-content/uploads/2026/07/29-government-services-under-one-roof-in-Mumbai-enthusiastic-response-from-citizens-e1785130755628.jpg HTTP/2.0" 200 57952 "-" "Mozilla/5.0 AppleWebKit/537.36 (KHTML, like Gecko; compatible; bingbot/2.0; +http://www.bing.com/bingbot.htm) Chrome/116.0.1938.76 Safari/537.36" 10 **0/10449**
52.167.144.21 - - [20/Sep/2026:05:55:43 -0700] "GET /the-woman-and-her-accomplice-were-also-arrested/ HTTP/2.0" 200 29649 "-" "Mozilla/5.0 AppleWebKit/537.36 (KHTML, like Gecko; compatible; bingbot/2.0; +http://www.bing.com/bingbot.htm) Chrome/116.0.1938.76 Safari/537.36" 1558 **1/1558953**
193.22.147.209 - - [20/Sep/2026:05:56:21 -0700] "GET /wp-content/uploads/2025/11/Relief-for-Thane-residents-Call-and-get-an-ambulance-within-20-minutes-1-e1763621956354-350x250.jpg HTTP/2.0" 200 22340 "-" "Mozilla/5.0 (Macintosh; Intel Mac OS X 10_15_7) AppleWebKit/537.36 (KHTML, like Gecko) Chrome/119.0.0.0 Safari/537.36" 10 **0/10970**
68.178.147.207 - - [20/Sep/2026:05:56:24 -0700] "POST /wp-cron.php?doing_wp_cron=1789908984.9791901111602783203125 HTTP/1.1" 200 - "https://www.maharashtracrimetimes.com/wp-cron.php?doing_wp_cron=1789908984.9791901111602783203125" "WordPress/6.0.6; https://www.maharashtracrimetimes.com" 179 **0/179102**
66.249.72.67 - - [20/Sep/2026:05:56:24 -0700] "GET /fix-tribal-schools-cjp-raises-its-voice-against-injustice-following-students-deaths/ HTTP/1.1" 200 31549 "-" "Mozilla/5.0 (compatible; Googlebot/2.1; +http://www.google.com/bot.html)" 548 **0/548486**
85.208.96.206 - - [20/Sep/2026:05:56:33 -0700] "GET /three-parties-firmly-united-in-mahavikas-aghadi-sanjay-raut/ HTTP/1.1" 200 30969 "-" "Mozilla/5.0 (compatible; SemrushBot/7~bl; +http://www.semrush.com/bot.html)" 1531 **1/1531297**
185.191.171.3 - - [20/Sep/2026:05:56:44 -0700] "GET /2026/05/20/page/2/ HTTP/1.1" 200 25385 "-" "Mozilla/5.0 (compatible; SemrushBot/7~bl; +http://www.semrush.com/bot.html)" 330 **0/330718**
47.128.32.1 - - [20/Sep/2026:05:56:58 -0700] "GET / HTTP/2.0" 403 13 "-" "Mozilla/5.0 (Linux; Android 5.0) AppleWebKit/537.36 (KHTML, like Gecko) Mobile Safari/537.36 (compatible; TikTokSpider; ttspider-feedback@tiktok.com)" 12 **0/12407**
40.77.167.224 - - [20/Sep/2026:05:57:10 -0700] "GET /category/national/page/38/ HTTP/2.0" 200 29132 "-" "Mozilla/5.0 AppleWebKit/537.36 (KHTML, like Gecko; compatible; bingbot/2.0; +http://www.bing.com/bingbot.htm) Chrome/116.0.1938.76 Safari/537.36" 373 **0/373062**
68.178.147.207 - - [20/Sep/2026:05:57:38 -0700] "POST /wp-cron.php?doing_wp_cron=1789909058.2208719253540039062500 HTTP/1.1" 200 - "https://www.maharashtracrimetimes.com/wp-cron.php?doing_wp_cron=1789909058.2208719253540039062500" "WordPress/6.0.6; https://www.maharashtracrimetimes.com" 133 **0/133075**
91.197.253.108 - - [20/Sep/2026:05:57:38 -0700] "GET / HTTP/2.0" 200 32859 "https://www.google.com/" "Mozilla/5.0 (Windows NT 10.0; Win64; x64) AppleWebKit/537.36 (KHTML, like Gecko) Chrome/152.0.0.0 Safari/537.36" 5735 **5/5735892**
185.191.171.19 - - [20/Sep/2026:05:57:42 -0700] "GET /mira-bhayandar-tops-the-country-in-swachh-survekshan-national-cleanliness-competition/ HTTP/1.1" 200 30612 "-" "Mozilla/5.0 (compatible; SemrushBot/7~bl; +http://www.semrush.com/bot.html)" 1500 **1/1500555**
68.178.147.207 - - [20/Sep/2026:05:57:46 -0700] "POST /wp-cron.php?doing_wp_cron=1789909066.0349090099334716796875 HTTP/1.1" 200 - "https://www.maharashtracrimetimes.com/wp-cron.php?doing_wp_cron=1789909066.0349090099334716796875" "WordPress/6.0.6; https://www.maharashtracrimetimes.com" 153 **0/153686**
85.208.96.205 - - [20/Sep/2026:05:57:45 -0700] "GET /category/special-articles/page/47/ HTTP/1.1" 200 28225 "-" "Mozilla/5.0 (compatible; SemrushBot/7~bl; +http://www.semrush.com/bot.html)" 561 **0/561171**
87.250.224.202 - - [20/Sep/2026:05:58:28 -0700] "GET /robots.txt HTTP/1.1" 200 130 "-" "Mozilla/5.0 (compatible; YandexBot/3.0; +http://yandex.com/bots)" 134 **0/134114**
213.180.203.35 - - [20/Sep/2026:05:58:30 -0700] "GET /mnss-warning-to-kdmc/ HTTP/2.0" 200 29504 "-" "Mozilla/5.0 (compatible; YandexBot/3.0; +http://yandex.com/bots)" 1584 **1/1584132**
47.128.99.30 - - [20/Sep/2026:05:58:42 -0700] "GET /category/maharashtra/ HTTP/2.0" 403 13 "-" "Mozilla/5.0 (Linux; Android 5.0) AppleWebKit/537.36 (KHTML, like Gecko) Mobile Safari/537.36 (compatible; Bytespider; spider-feedback@bytedance.com)" 9 **0/9327**
216.73.216.67 - - [20/Sep/2026:05:58:50 -0700] "GET /author/editor/page/176/ HTTP/2.0" 200 27518 "-" "Mozilla/5.0 AppleWebKit/537.36 (KHTML, like Gecko; compatible; ClaudeBot/1.0; +claudebot@anthropic.com)" 388 **0/388391**
66.249.71.32 - - [20/Sep/2026:05:59:20 -0700] "GET /category/maharashtra/pune/ HTTP/1.1" 200 29900 "-" "Mozilla/5.0 (compatible; Googlebot/2.1; +http://www.google.com/bot.html)" 291 **0/291798**
152.174.212.72 - - [20/Sep/2026:05:59:21 -0700] "GET / HTTP/2.0" 200 32868 "https://www.maharashtracrimetimes.com/" "Mozilla/5.0 (iPhone; CPU iPhone OS 17_1 like Mac OS X) AppleWebKit/605.1.15 (KHTML, like Gecko) CriOS/120.0.6099.119 Mobile/15E148 Safari/604.1" 298 **0/298185**
152.174.212.72 - - [20/Sep/2026:05:59:25 -0700] "GET /category/maharashtra/ HTTP/2.0" 200 30008 "https://www.maharashtracrimetimes.com/" "Mozilla/5.0 (iPhone; CPU iPhone OS 17_1 like Mac OS X) AppleWebKit/605.1.15 (KHTML, like Gecko) CriOS/120.0.6099.119 Mobile/15E148 Safari/604.1" 300 **0/300631**
85.208.96.198 - - [20/Sep/2026:06:00:12 -0700] "GET /did-chatgpt-claim-a-life-iit-bombay-students-death-case-takes-a-new-turn/ HTTP/1.1" 200 32702 "-" "Mozilla/5.0 (compatible; SemrushBot/7~bl; +http://www.semrush.com/bot.html)" 1517 **1/1517593**
119.13.225.221 - - [20/Sep/2026:06:00:15 -0700] "GET / HTTP/2.0" 200 32856 "https://www.maharashtracrimetimes.com/" "Mozilla/5.0 (Windows NT 10.0; Win64; x64) AppleWebKit/537.36 (KHTML, like Gecko) Chrome/152.0.0.0 Safari/537.36" 462 **0/462039**
117.99.251.0 - - [20/Sep/2026:06:01:03 -0700] "GET /wp-content/uploads/2026/09/No-entry-for-Muslims-in-Garba-Vishwa-Hindu-Parishads-guidelines-spark-a-heated-debate-across-the-state.png HTTP/2.0" 200 499907 "https://www.google.com/" "Mozilla/5.0 (Windows NT 10.0; Win64; x64) AppleWebKit/537.36 (KHTML, like Gecko) Chrome/153.0.0.0 Safari/537.36" 414 **0/414803**
145.239.65.133 - - [20/Sep/2026:06:01:45 -0700] "GET /robots.txt HTTP/1.1" 200 7289 "-" "Mozilla/5.0 (compatible; MJ12bot/v1.4.8; http://mj12bot.com/)" 6 **0/6036**
145.239.65.133 - - [20/Sep/2026:06:01:47 -0700] "GET /%E0%A4%86%E0%A4%AE%E0%A4%9A%E0%A5%80-%E0%A4%B8%E0%A4%A4%E0%A5%8D%E0%A4%A4%E0%A4%BE-%E0%A4%86%E0%A4%B2%E0%A5%8D%E0%A4%AF%E0%A4%BE%E0%A4%B8-%E0%A4%B8%E0%A4%82%E0%A4%B8%E0%A4%A6-%E0%A4%AD%E0%A4%B5/feed/ HTTP/1.1" 200 7571 "-" "Mozilla/5.0 (compatible; MJ12bot/v1.4.8; http://mj12bot.com/)" 2 **0/2570**
145.239.65.133 - - [20/Sep/2026:06:01:49 -0700] "GET /%E0%A4%A6%E0%A5%8B%E0%A4%A8-%E0%A4%AE%E0%A4%B9%E0%A4%BF%E0%A4%A8%E0%A5%8D%E0%A4%AF%E0%A4%BE%E0%A4%A4-%E0%A4%AC%E0%A4%BE%E0%A4%82%E0%A4%A7%E0%A4%95%E0%A4%BE%E0%A4%AE-%E0%A4%AA%E0%A4%BE/feed/ HTTP/1.1" 200 7532 "-" "Mozilla/5.0 (compatible; MJ12bot/v1.4.8; http://mj12bot.com/)" 2 **0/2882**
145.239.65.133 - - [20/Sep/2026:06:01:52 -0700] "GET /%E0%A4%A8%E0%A4%BE%E0%A4%B0%E0%A5%8D%E0%A4%B5%E0%A5%87%E0%A4%95%E0%A4%B0%E0%A4%BE%E0%A4%82%E0%A4%9A%E0%A4%82-%E0%A4%A8%E0%A4%BF%E0%A4%B5%E0%A4%A1%E0%A4%A3%E0%A5%82%E0%A4%95-%E0%A4%86%E0%A4%AF%E0%A5%8B/ HTTP/1.1" 200 7515 "-" "Mozilla/5.0 (compatible; MJ12bot/v1.4.8; http://mj12bot.com/)" 2 **0/2821**
145.239.65.133 - - [20/Sep/2026:06:01:54 -0700] "GET /%E0%A4%A8%E0%A4%BE%E0%A4%B0%E0%A5%8D%E0%A4%B5%E0%A5%87%E0%A4%95%E0%A4%B0%E0%A4%BE%E0%A4%82%E0%A4%9A%E0%A4%82-%E0%A4%A8%E0%A4%BF%E0%A4%B5%E0%A4%A1%E0%A4%A3%E0%A5%82%E0%A4%95-%E0%A4%86%E0%A4%AF%E0%A5%8B/feed/ HTTP/1.1" 200 7637 "-" "Mozilla/5.0 (compatible; MJ12bot/v1.4.8; http://mj12bot.com/)" 9 **0/9684**
145.239.65.133 - - [20/Sep/2026:06:01:57 -0700] "GET /%E0%A4%AA%E0%A4%BE%E0%A4%B2%E0%A4%B6%E0%A5%87%E0%A4%A4%E0%A4%9A%E0%A5%87-%E0%A4%B8%E0%A5%81%E0%A4%AA%E0%A5%81%E0%A4%A4%E0%A5%8D%E0%A4%B0-%E0%A4%AD%E0%A4%9C%E0%A4%A8%E0%A5%80%E0%A4%AC%E0%A5%81%E0%A4%B5/feed/ HTTP/1.1" 200 7641 "-" "Mozilla/5.0 (compatible; MJ12bot/v1.4.8; http://mj12bot.com/)" 3 **0/3487**
145.239.65.133 - - [20/Sep/2026:06:01:59 -0700] "GET /%E0%A4%AA%E0%A4%BE%E0%A4%B2%E0%A4%BF%E0%A4%95%E0%A5%87%E0%A4%95%E0%A4%A1%E0%A5%82%E0%A4%A8-%E0%A5%A8%E0%A5%A8%E0%A5%AC-%E0%A4%87%E0%A4%AE%E0%A4%BE%E0%A4%B0%E0%A4%A4%E0%A5%80%E0%A4%82%E0%A4%A8%E0%A4%BE/feed/ HTTP/1.1" 200 7562 "-" "Mozilla/5.0 (compatible; MJ12bot/v1.4.8; http://mj12bot.com/)" 4 **0/4906**
68.178.147.207 - - [20/Sep/2026:06:02:00 -0700] "POST /wp-cron.php?doing_wp_cron=1789909320.5024418830871582031250 HTTP/1.1" 200 - "https://www.maharashtracrimetimes.com/wp-cron.php?doing_wp_cron=1789909320.5024418830871582031250" "WordPress/6.0.6; https://www.maharashtracrimetimes.com" 154 **0/154135**
145.239.65.133 - - [20/Sep/2026:06:02:02 -0700] "GET /mayor-ritu-tawde-furious-over-the-%E2%82%B9370-biryani-controversy-demands-a-ban-on-the-stand-up-comedy-show/feed/ HTTP/1.1" 200 7448 "-" "Mozilla/5.0 (compatible; MJ12bot/v1.4.8; http://mj12bot.com/)" 5 **0/5219**
185.191.171.10 - - [20/Sep/2026:06:02:00 -0700] "GET /347-victims-were-damaged-by-untimely-panchnama/ HTTP/1.1" 200 28810 "-" "Mozilla/5.0 (compatible; SemrushBot/7~bl; +http://www.semrush.com/bot.html)" 1866 **1/1866804**
145.239.65.133 - - [20/Sep/2026:06:02:04 -0700] "GET /mumbais-this-maha-ganpati-covered-by-insurance-worth-%E2%82%B9703-27-crore-adorned-with-66-kg-of-gold-and-335-kg-of-silver/ HTTP/1.1" 200 7369 "-" "Mozilla/5.0 (compatible; MJ12bot/v1.4.8; http://mj12bot.com/)" 2 **0/2457**
145.239.65.133 - - [20/Sep/2026:06:02:07 -0700] "GET /mumbais-this-maha-ganpati-covered-by-insurance-worth-%E2%82%B9703-27-crore-adorned-with-66-kg-of-gold-and-335-kg-of-silver/feed/ HTTP/1.1" 200 7432 "-" "Mozilla/5.0 (compatible; MJ12bot/v1.4.8; http://mj12bot.com/)" 2 **0/2325**
145.239.65.133 - - [20/Sep/2026:06:02:09 -0700] "GET /mutton-lovers-hit-by-a-price-hike-just-before-gatari-amavasya-the-rate-per-kilogram-is-hovering-right-at-the-%E2%82%B91000-mark/ HTTP/1.1" 200 7385 "-" "Mozilla/5.0 (compatible; MJ12bot/v1.4.8; http://mj12bot.com/)" 4 **0/4454**
145.239.65.133 - - [20/Sep/2026:06:02:12 -0700] "GET /mutton-lovers-hit-by-a-price-hike-just-before-gatari-amavasya-the-rate-per-kilogram-is-hovering-right-at-the-%E2%82%B91000-mark/feed/ HTTP/1.1" 200 7468 "-" "Mozilla/5.0 (compatible; MJ12bot/v1.4.8; http://mj12bot.com/)" 2 **0/2371**
145.239.65.133 - - [20/Sep/2026:06:02:14 -0700] "GET /new-boost-for-mumbai-water-metro-%E2%82%B9150-crore-electric-boat-manufacturing-plant-to-be-set-up-in-sindhudurg-minister-nitesh-rane/ HTTP/1.1" 200 7444 "-" "Mozilla/5.0 (compatible; MJ12bot/v1.4.8; http://mj12bot.com/)" 2 **0/2473**
145.239.65.133 - - [20/Sep/2026:06:02:17 -0700] "GET /new-boost-for-mumbai-water-metro-%E2%82%B9150-crore-electric-boat-manufacturing-plant-to-be-set-up-in-sindhudurg-minister-nitesh-rane/feed/ HTTP/1.1" 200 7417 "-" "Mozilla/5.0 (compatible; MJ12bot/v1.4.8; http://mj12bot.com/)" 6 **0/6146**
145.239.65.133 - - [20/Sep/2026:06:02:19 -0700] "GET /now-a-separate-ladki-bahin-scheme-in-the-municipal-corporation-too-needy-women-to-receive-%E2%82%B92000-per-month/ HTTP/1.1" 200 7405 "-" "Mozilla/5.0 (compatible; MJ12bot/v1.4.8; http://mj12bot.com/)" 1 **0/1925**
145.239.65.133 - - [20/Sep/2026:06:02:22 -0700] "GET /now-a-separate-ladki-bahin-scheme-in-the-municipal-corporation-too-needy-women-to-receive-%E2%82%B92000-per-month/feed/ HTTP/1.1" 200 7444 "-" "Mozilla/5.0 (compatible; MJ12bot/v1.4.8; http://mj12bot.com/)" 2 **0/2754**
145.239.65.133 - - [20/Sep/2026:06:02:25 -0700] "GET /now-govindas-are-safe-during-practice-too-they-will-receive-accidental-insurance-coverage-of-%E2%82%B910-lakh-for-75-days/ HTTP/1.1" 200 7324 "-" "Mozilla/5.0 (compatible; MJ12bot/v1.4.8; http://mj12bot.com/)" 3 **0/3158**
145.239.65.133 - - [20/Sep/2026:06:02:27 -0700] "GET /now-govindas-are-safe-during-practice-too-they-will-receive-accidental-insurance-coverage-of-%E2%82%B910-lakh-for-75-days/feed/ HTTP/1.1" 200 7406 "-" "Mozilla/5.0 (compatible; MJ12bot/v1.4.8; http://mj12bot.com/)" 2 **0/2854**
145.239.65.133 - - [20/Sep/2026:06:02:29 -0700] "GET /pothole-on-the-road-%E2%82%B92000-fine-municipal-corporation-launches-new-online-system/ HTTP/1.1" 200 7405 "-" "Mozilla/5.0 (compatible; MJ12bot/v1.4.8; http://mj12bot.com/)" 2 **0/2725**
145.239.65.133 - - [20/Sep/2026:06:02:32 -0700] "GET /pothole-on-the-road-%E2%82%B92000-fine-municipal-corporation-launches-new-online-system/feed/ HTTP/1.1" 200 7376 "-" "Mozilla/5.0 (compatible; MJ12bot/v1.4.8; http://mj12bot.com/)" 2 **0/2355**
145.239.65.133 - - [20/Sep/2026:06:02:34 -0700] "GET /pradhan-mantri-kisan-yojana-extended-by-another-five-years-allocation-of-%E2%82%B93-15-lakh-crore/ HTTP/1.1" 200 7315 "-" "Mozilla/5.0 (compatible; MJ12bot/v1.4.8; http://mj12bot.com/)" 3 **0/3439**
145.239.65.133 - - [20/Sep/2026:06:02:37 -0700] "GET /pradhan-mantri-kisan-yojana-extended-by-another-five-years-allocation-of-%E2%82%B93-15-lakh-crore/feed/ HTTP/1.1" 200 7397 "-" "Mozilla/5.0 (compatible; MJ12bot/v1.4.8; http://mj12bot.com/)" 3 **0/3245**
145.239.65.133 - - [20/Sep/2026:06:02:39 -0700] "GET /relief-for-farmers-on-ajit-pawars-birthday-first-list-of-loan-waivers-up-to-%E2%82%B92-lakh-announced/ HTTP/1.1" 200 7389 "-" "Mozilla/5.0 (compatible; MJ12bot/v1.4.8; http://mj12bot.com/)" 2 **0/2765**
145.239.65.133 - - [20/Sep/2026:06:02:42 -0700] "GET /relief-for-farmers-on-ajit-pawars-birthday-first-list-of-loan-waivers-up-to-%E2%82%B92-lakh-announced/feed/ HTTP/1.1" 200 7351 "-" "Mozilla/5.0 (compatible; MJ12bot/v1.4.8; http://mj12bot.com/)" 2 **0/2437**
185.191.171.16 - - [20/Sep/2026:06:02:41 -0700] "GET /if-you-want-to-crack-down-keep-ed-cbi/ HTTP/1.1" 200 30371 "-" "Mozilla/5.0 (compatible; SemrushBot/7~bl; +http://www.semrush.com/bot.html)" 2302 **2/2302675**
145.239.65.133 - - [20/Sep/2026:06:02:44 -0700] "GET /shivai-bus-worth-%E2%82%B91-5-crore-stolen-accused-arrested-shocking-details-revealed-during-interrogation/ HTTP/1.1" 200 7390 "-" "Mozilla/5.0 (compatible; MJ12bot/v1.4.8; http://mj12bot.com/)" 2 **0/2290**
145.239.65.133 - - [20/Sep/2026:06:02:47 -0700] "GET /shivai-bus-worth-%E2%82%B91-5-crore-stolen-accused-arrested-shocking-details-revealed-during-interrogation/feed/ HTTP/1.1" 200 7377 "-" "Mozilla/5.0 (compatible; MJ12bot/v1.4.8; http://mj12bot.com/)" 2 **0/2916**
145.239.65.133 - - [20/Sep/2026:06:02:49 -0700] "GET /siya-goyals-fathers-shop-under-fda-scanner-suspicious-food-stock-worth-%E2%82%B98-14-lakh-seized/ HTTP/1.1" 200 7374 "-" "Mozilla/5.0 (compatible; MJ12bot/v1.4.8; http://mj12bot.com/)" 2 **0/2540**
145.239.65.133 - - [20/Sep/2026:06:02:51 -0700] "GET /siya-goyals-fathers-shop-under-fda-scanner-suspicious-food-stock-worth-%E2%82%B98-14-lakh-seized/feed/ HTTP/1.1" 200 7362 "-" "Mozilla/5.0 (compatible; MJ12bot/v1.4.8; http://mj12bot.com/)" 2 **0/2567**
145.239.65.133 - - [20/Sep/2026:06:02:54 -0700] "GET /special-26-style-thrill-in-andheri-fake-income-tax-officers-extort-%E2%82%B91-crore-6-arrested/ HTTP/1.1" 200 7277 "-" "Mozilla/5.0 (compatible; MJ12bot/v1.4.8; http://mj12bot.com/)" 3 **0/3507**
145.239.65.133 - - [20/Sep/2026:06:02:56 -0700] "GET /state-of-the-art-marathi-language-museum-worth-%E2%82%B925-crore-in-ratnagiri-marathi-to-gain-a-new-global-identity/ HTTP/1.1" 200 7449 "-" "Mozilla/5.0 (compatible; MJ12bot/v1.4.8; http://mj12bot.com/)" 2 **0/2612**
145.239.65.133 - - [20/Sep/2026:06:02:59 -0700] "GET /state-of-the-art-marathi-language-museum-worth-%E2%82%B925-crore-in-ratnagiri-marathi-to-gain-a-new-global-identity/feed/ HTTP/1.1" 200 7421 "-" "Mozilla/5.0 (compatible; MJ12bot/v1.4.8; http://mj12bot.com/)" 2 **0/2932**
145.239.65.133 - - [20/Sep/2026:06:03:01 -0700] "GET /tag/%E0%A4%86%E0%A4%B0%E0%A5%8B%E0%A4%97%E0%A5%8D%E0%A4%AF/ HTTP/1.1" 200 7344 "-" "Mozilla/5.0 (compatible; MJ12bot/v1.4.8; http://mj12bot.com/)" 4 **0/4699**
68.178.147.207 - - [20/Sep/2026:06:03:04 -0700] "POST /wp-cron.php?doing_wp_cron=1789909384.0213999748229980468750 HTTP/1.1" 200 - "https://www.maharashtracrimetimes.com/wp-cron.php?doing_wp_cron=1789909384.0213999748229980468750" "WordPress/6.0.6; https://www.maharashtracrimetimes.com" 134 **0/134605**
145.239.65.133 - - [20/Sep/2026:06:03:04 -0700] "GET /tag/%E0%A4%86%E0%A4%B0%E0%A5%8B%E0%A4%97%E0%A5%8D%E0%A4%AF/feed/ HTTP/1.1" 200 7305 "-" "Mozilla/5.0 (compatible; MJ12bot/v1.4.8; http://mj12bot.com/)" 2 **0/2443**
145.239.65.133 - - [20/Sep/2026:06:03:06 -0700] "GET /tag/%E0%A4%8F%E0%A4%95%E0%A4%A8%E0%A4%BE%E0%A4%A5-%E0%A4%B6%E0%A4%BF%E0%A4%82%E0%A4%A6%E0%A5%87/ HTTP/1.1" 200 7430 "-" "Mozilla/5.0 (compatible; MJ12bot/v1.4.8; http://mj12bot.com/)" 3 **0/3300**
95.108.213.156 - - [20/Sep/2026:06:03:03 -0700] "GET /escalation-of-disaster-in-a-childs-juvenile-home/ HTTP/2.0" 200 29138 "-" "Mozilla/5.0 (compatible; YandexBot/3.0; +http://yandex.com/bots)" 3368 **3/3368199**
145.239.65.133 - - [20/Sep/2026:06:03:09 -0700] "GET /tag/%E0%A4%8F%E0%A4%95%E0%A4%A8%E0%A4%BE%E0%A4%A5-%E0%A4%B6%E0%A4%BF%E0%A4%82%E0%A4%A6%E0%A5%87/feed/ HTTP/1.1" 200 7401 "-" "Mozilla/5.0 (compatible; MJ12bot/v1.4.8; http://mj12bot.com/)" 11 **0/11821**
145.239.65.133 - - [20/Sep/2026:06:03:11 -0700] "GET /tag/%E0%A4%9C%E0%A5%81%E0%A4%B9%E0%A5%82/ HTTP/1.1" 200 7318 "-" "Mozilla/5.0 (compatible; MJ12bot/v1.4.8; http://mj12bot.com/)" 2 **0/2911**
145.239.65.133 - - [20/Sep/2026:06:03:14 -0700] "GET /tag/%E0%A4%9C%E0%A5%81%E0%A4%B9%E0%A5%82/feed/ HTTP/1.1" 200 7325 "-" "Mozilla/5.0 (compatible; MJ12bot/v1.4.8; http://mj12bot.com/)" 2 **0/2379**
187.14.231.246 - - [20/Sep/2026:06:03:15 -0700] "GET /category/sports/ HTTP/2.0" 200 29155 "https://www.maharashtracrimetimes.com/" "Mozilla/5.0 (iPhone; CPU iPhone OS 17_3_1 like Mac OS X) AppleWebKit/605.1.15 (KHTML, like Gecko) FxiOS/124.0 Mobile/15E148 Safari/605.1.15" 314 **0/314214**
145.239.65.133 - - [20/Sep/2026:06:03:16 -0700] "GET /tag/%E0%A4%A8%E0%A4%BE%E0%A4%B0%E0%A4%BE%E0%A4%AF%E0%A4%A3-%E0%A4%B0%E0%A4%BE%E0%A4%A3%E0%A5%87/ HTTP/1.1" 200 7434 "-" "Mozilla/5.0 (compatible; MJ12bot/v1.4.8; http://mj12bot.com/)" 3 **0/3858**
145.239.65.133 - - [20/Sep/2026:06:03:19 -0700] "GET /tag/%E0%A4%A8%E0%A4%BE%E0%A4%B0%E0%A4%BE%E0%A4%AF%E0%A4%A3-%E0%A4%B0%E0%A4%BE%E0%A4%A3%E0%A5%87/feed/ HTTP/1.1" 200 7476 "-" "Mozilla/5.0 (compatible; MJ12bot/v1.4.8; http://mj12bot.com/)" 8 **0/8122**
145.239.65.133 - - [20/Sep/2026:06:03:21 -0700] "GET /tag/%E0%A4%AE%E0%A5%81%E0%A4%82%E0%A4%AC%E0%A4%88-%E0%A4%AE%E0%A4%B9%E0%A4%BE%E0%A4%A8%E0%A4%97%E0%A4%B0%E0%A4%AA%E0%A4%BE%E0%A4%B2%E0%A4%BF%E0%A4%95%E0%A4%BE/ HTTP/1.1" 200 7514 "-" "Mozilla/5.0 (compatible; MJ12bot/v1.4.8; http://mj12bot.com/)" 2 **0/2793**
145.239.65.133 - - [20/Sep/2026:06:03:23 -0700] "GET /tag/%E0%A4%AE%E0%A5%81%E0%A4%82%E0%A4%AC%E0%A4%88-%E0%A4%AE%E0%A4%B9%E0%A4%BE%E0%A4%A8%E0%A4%97%E0%A4%B0%E0%A4%AA%E0%A4%BE%E0%A4%B2%E0%A4%BF%E0%A4%95%E0%A4%BE/feed/ HTTP/1.1" 200 7546 "-" "Mozilla/5.0 (compatible; MJ12bot/v1.4.8; http://mj12bot.com/)" 4 **0/4417**
145.239.65.133 - - [20/Sep/2026:06:03:26 -0700] "GET /tag/%E0%A4%B8%E0%A5%81%E0%A4%AA%E0%A5%8D%E0%A4%B0%E0%A5%80%E0%A4%AE-%E0%A4%95%E0%A5%8B%E0%A4%B0%E0%A5%8D%E0%A4%9F/ HTTP/1.1" 200 7530 "-" "Mozilla/5.0 (compatible; MJ12bot/v1.4.8; http://mj12bot.com/)" 2 **0/2552**
145.239.65.133 - - [20/Sep/2026:06:03:28 -0700] "GET /tag/%E0%A4%B8%E0%A5%81%E0%A4%AA%E0%A5%8D%E0%A4%B0%E0%A5%80%E0%A4%AE-%E0%A4%95%E0%A5%8B%E0%A4%B0%E0%A5%8D%E0%A4%9F/feed/ HTTP/1.1" 200 7497 "-" "Mozilla/5.0 (compatible; MJ12bot/v1.4.8; http://mj12bot.com/)" 7 **0/7144**
77.83.68.87 - - [20/Sep/2026:06:03:35 -0700] "GET /category/crime/ HTTP/2.0" 200 29429 "-" "Mozilla/5.0 (Macintosh; Intel Mac OS X 10_15_7) AppleWebKit/605.1.15 (KHTML, like Gecko) Version/26.0 Safari/605.1.15" 304 **0/304526**
145.239.65.133 - - [20/Sep/2026:06:03:39 -0700] "GET /thane-markets-decked-out-with-dahi-handi-pots-prices-up-by-%E2%82%B950/ HTTP/1.1" 200 7343 "-" "Mozilla/5.0 (compatible; MJ12bot/v1.4.8; http://mj12bot.com/)" 3 **0/3019**
145.239.65.133 - - [20/Sep/2026:06:03:42 -0700] "GET /thane-markets-decked-out-with-dahi-handi-pots-prices-up-by-%E2%82%B950/feed/ HTTP/1.1" 200 7356 "-" "Mozilla/5.0 (compatible; MJ12bot/v1.4.8; http://mj12bot.com/)" 2 **0/2408**
145.239.65.133 - - [20/Sep/2026:06:03:44 -0700] "GET /two-drug-smugglers-arrested-in-dharavi-md-and-cannabis-worth-%E2%82%B91-75-crore-seized/ HTTP/1.1" 200 7374 "-" "Mozilla/5.0 (compatible; MJ12bot/v1.4.8; http://mj12bot.com/)" 2 **0/2617**
145.239.65.133 - - [20/Sep/2026:06:03:47 -0700] "GET /two-drug-smugglers-arrested-in-dharavi-md-and-cannabis-worth-%E2%82%B91-75-crore-seized/feed/ HTTP/1.1" 200 7383 "-" "Mozilla/5.0 (compatible; MJ12bot/v1.4.8; http://mj12bot.com/)" 3 **0/3970**
145.239.65.133 - - [20/Sep/2026:06:03:49 -0700] "GET /want-100-pure-petrol-then-shell-out-%E2%82%B9168-per-litre-union-minister-nitin-gadkaris-dig-at-those-opposing-e20-fuel/ HTTP/1.1" 200 7342 "-" "Mozilla/5.0 (compatible; MJ12bot/v1.4.8; http://mj12bot.com/)" 2 **0/2850**
145.239.65.133 - - [20/Sep/2026:06:03:52 -0700] "GET /want-100-pure-petrol-then-shell-out-%E2%82%B9168-per-litre-union-minister-nitin-gadkaris-dig-at-those-opposing-e20-fuel/feed/ HTTP/1.1" 200 7360 "-" "Mozilla/5.0 (compatible; MJ12bot/v1.4.8; http://mj12bot.com/)" 2 **0/2999**
85.208.96.196 - - [20/Sep/2026:06:03:52 -0700] "GET /inmate-accused-of-theft-arrested/ HTTP/1.1" 200 29937 "-" "Mozilla/5.0 (compatible; SemrushBot/7~bl; +http://www.semrush.com/bot.html)" 1513 **1/1513929**
145.239.65.133 - - [20/Sep/2026:06:03:54 -0700] "GET /%E0%A4%85%E0%A4%82%E0%A4%A7%E0%A5%87%E0%A4%B0%E0%A5%80%E0%A4%A4%E0%A5%80%E0%A4%B2-%E0%A4%AE%E0%A5%8B%E0%A4%97%E0%A4%B0%E0%A4%BE-%E0%A4%A8%E0%A4%BE%E0%A4%B2%E0%A5%8D%E0%A4%AF%E0%A4%BE%E0%A4%B5%E0%A4%B0/ HTTP/1.1" 200 7623 "-" "Mozilla/5.0 (compatible; MJ12bot/v1.4.8; http://mj12bot.com/)" 1 **0/1908**
49.15.90.12 - - [20/Sep/2026:06:03:56 -0700] "GET /wp-content/uploads/2026/09/The-beauty-of-Vrindavan-to-come-alive-in-Pune-Dagdusheth-Ganpati-to-feature-a-Prem-Mandir-theme-insured-for-%E2%82%B950-crore.-436x375.png HTTP/2.0" 200 283385 "https://www.google.com/" "Mozilla/5.0 (Linux; Android 15; V2351 Build/AP3A.240905.015.A2; wv) AppleWebKit/537.36 (KHTML, like Gecko) Version/4.0 Chrome/153.0.8010.36 Mobile Safari/537.36 GoogleApp/17.50.14.ve.arm64" 285 **0/285437**
145.239.65.133 - - [20/Sep/2026:06:03:57 -0700] "GET /%E0%A4%86%E0%A4%AE%E0%A4%9A%E0%A5%80-%E0%A4%B8%E0%A4%A4%E0%A5%8D%E0%A4%A4%E0%A4%BE-%E0%A4%86%E0%A4%B2%E0%A5%8D%E0%A4%AF%E0%A4%BE%E0%A4%B8-%E0%A4%B8%E0%A4%82%E0%A4%B8%E0%A4%A6-%E0%A4%AD%E0%A4%B5/ HTTP/1.1" 200 7576 "-" "Mozilla/5.0 (compatible; MJ12bot/v1.4.8; http://mj12bot.com/)" 3 **0/3358**
145.239.65.133 - - [20/Sep/2026:06:03:59 -0700] "GET /%E0%A4%86%E0%A4%B0%E0%A4%9F%E0%A5%80%E0%A4%93-%E0%A4%B5%E0%A4%BE%E0%A4%B9%E0%A4%A4%E0%A5%82%E0%A4%95-%E0%A4%AA%E0%A5%8B%E0%A4%B2%E0%A4%BF%E0%A4%B8%E0%A4%BE%E0%A4%82%E0%A4%9A%E0%A5%87-%E0%A4%A6/ HTTP/1.1" 200 7571 "-" "Mozilla/5.0 (compatible; MJ12bot/v1.4.8; http://mj12bot.com/)" 2 **0/2877**
145.239.65.133 - - [20/Sep/2026:06:04:01 -0700] "GET /%E0%A4%89%E0%A4%A6%E0%A4%AF-%E0%A4%B8%E0%A4%BE%E0%A4%AE%E0%A4%82%E0%A4%A4%E0%A4%BE%E0%A4%82%E0%A4%9A%E0%A4%BE-%E0%A4%A4%E0%A4%BE%E0%A4%AB%E0%A4%BE-%E0%A4%85%E0%A4%A1%E0%A4%B5%E0%A4%A3%E0%A5%8D/ HTTP/1.1" 200 7626 "-" "Mozilla/5.0 (compatible; MJ12bot/v1.4.8; http://mj12bot.com/)" 3 **0/3876**
145.239.65.133 - - [20/Sep/2026:06:04:04 -0700] "GET /%E0%A4%89%E0%A4%AA%E0%A4%AE%E0%A5%81%E0%A4%96%E0%A5%8D%E0%A4%AF%E0%A4%AE%E0%A4%82%E0%A4%A4%E0%A5%8D%E0%A4%B0%E0%A5%80-%E0%A4%A6%E0%A5%87%E0%A4%B5%E0%A5%87%E0%A4%82%E0%A4%A6%E0%A5%8D%E0%A4%B0-%E0%A4%AB/ HTTP/1.1" 200 7638 "-" "Mozilla/5.0 (compatible; MJ12bot/v1.4.8; http://mj12bot.com/)" 3 **0/3212**
145.239.65.133 - - [20/Sep/2026:06:04:06 -0700] "GET /%E0%A4%8F%E0%A4%95-%E0%A4%A6%E0%A5%87%E0%A4%B6-%E0%A4%8F%E0%A4%95-%E0%A4%95%E0%A4%B0%E0%A4%AA%E0%A5%8D%E0%A4%B0%E0%A4%A3%E0%A4%BE%E0%A4%B2%E0%A5%80-%E0%A4%B8%E0%A5%82%E0%A4%A4%E0%A5%8D%E0%A4%B0/ HTTP/1.1" 200 7617 "-" "Mozilla/5.0 (compatible; MJ12bot/v1.4.8; http://mj12bot.com/)" 5 **0/5001**
145.239.65.133 - - [20/Sep/2026:06:04:09 -0700] "GET /%E0%A4%95%E0%A4%B0%E0%A4%AE%E0%A5%81%E0%A4%B8%E0%A5%87-%E0%A4%AE%E0%A4%BE%E0%A4%B0%E0%A4%B9%E0%A4%BE%E0%A4%A3-%E0%A4%AA%E0%A5%8D%E0%A4%B0%E0%A4%95%E0%A4%B0%E0%A4%A3%E0%A4%BE%E0%A4%A4-%E0%A4%9C/ HTTP/1.1" 200 7710 "-" "Mozilla/5.0 (compatible; MJ12bot/v1.4.8; http://mj12bot.com/)" 15 **0/15871**
145.239.65.133 - - [20/Sep/2026:06:04:11 -0700] "GET /%E0%A4%95%E0%A4%BE%E0%A4%AE%E0%A4%97%E0%A4%BE%E0%A4%B0%E0%A4%BE%E0%A4%9A%E0%A5%8D%E0%A4%AF%E0%A4%BE-%E0%A4%B9%E0%A4%BF%E0%A4%A4%E0%A4%BE%E0%A4%9A%E0%A5%8D%E0%A4%AF%E0%A4%BE-%E0%A4%AF%E0%A5%8B%E0%A4%9C/ HTTP/1.1" 200 7644 "-" "Mozilla/5.0 (compatible; MJ12bot/v1.4.8; http://mj12bot.com/)" 2 **0/2119**
145.239.65.133 - - [20/Sep/2026:06:04:13 -0700] "GET /%E0%A4%95%E0%A5%82%E0%A4%AA%E0%A4%B0%E0%A4%AE%E0%A4%A7%E0%A5%8D%E0%A4%AF%E0%A5%87-%E0%A4%B0%E0%A4%82%E0%A4%97%E0%A4%B2%E0%A4%BE-%E0%A4%95%E0%A5%88%E0%A4%A6%E0%A5%8D%E0%A4%AF%E0%A4%BE%E0%A4%9A/ HTTP/1.1" 200 7635 "-" "Mozilla/5.0 (compatible; MJ12bot/v1.4.8; http://mj12bot.com/)" 2 **0/2076**
145.239.65.133 - - [20/Sep/2026:06:04:16 -0700] "GET /%E0%A4%96%E0%A4%BE%E0%A4%B8%E0%A4%A6%E0%A4%BE%E0%A4%B0%E0%A4%95%E0%A5%80%E0%A4%9A%E0%A5%8D%E0%A4%AF%E0%A4%BE-%E0%A4%B2%E0%A4%A2%E0%A4%BE%E0%A4%88%E0%A4%A4-%E0%A4%86%E0%A4%AE%E0%A4%A6%E0%A4%BE%E0%A4%B0/ HTTP/1.1" 200 7623 "-" "Mozilla/5.0 (compatible; MJ12bot/v1.4.8; http://mj12bot.com/)" 3 **0/3611**
145.239.65.133 - - [20/Sep/2026:06:04:18 -0700] "GET /%E0%A4%97%E0%A4%B0%E0%A5%8D%E0%A4%A6%E0%A5%80-%E0%A4%B9%E0%A5%8B%E0%A4%A3%E0%A4%BE%E0%A4%B1%E0%A5%8D%E0%A4%AF%E0%A4%BE-%E0%A4%AE%E0%A4%82%E0%A4%A6%E0%A4%BF%E0%A4%B0%E0%A4%BE%E0%A4%82%E0%A4%9A%E0%A5%87/ HTTP/1.1" 200 7590 "-" "Mozilla/5.0 (compatible; MJ12bot/v1.4.8; http://mj12bot.com/)" 3 **0/3027**
145.239.65.133 - - [20/Sep/2026:06:04:21 -0700] "GET /%E0%A4%97%E0%A4%BE%E0%A4%A8%E0%A4%B8%E0%A4%AE%E0%A5%8D%E0%A4%B0%E0%A4%BE%E0%A4%9C%E0%A5%8D%E0%A4%9E%E0%A5%80-%E0%A4%B2%E0%A4%A4%E0%A4%BE-%E0%A4%AE%E0%A4%82%E0%A4%97%E0%A5%87%E0%A4%B6%E0%A4%95/ HTTP/1.1" 200 7550 "-" "Mozilla/5.0 (compatible; MJ12bot/v1.4.8; http://mj12bot.com/)" 3 **0/3441**
185.191.171.16 - - [20/Sep/2026:06:04:20 -0700] "GET /superintendent-of-customs-rs-1-crore-extortionist-finally-suspended/ HTTP/1.1" 200 29534 "-" "Mozilla/5.0 (compatible; SemrushBot/7~bl; +http://www.semrush.com/bot.html)" 1564 **1/1564512**
145.239.65.133 - - [20/Sep/2026:06:04:23 -0700] "GET /%E0%A4%9A%E0%A4%BF%E0%A4%B0%E0%A4%BE%E0%A4%97-%E0%A4%B8%E0%A4%BE%E0%A4%A4%E0%A5%8D%E0%A4%A4%E0%A5%8D%E0%A4%B5%E0%A4%BF%E0%A4%95-%E0%A4%B8%E0%A4%97%E0%A4%B3%E0%A5%8D%E0%A4%AF%E0%A4%BE%E0%A4%82%E0%A4%B5/ HTTP/1.1" 200 7645 "-" "Mozilla/5.0 (compatible; MJ12bot/v1.4.8; http://mj12bot.com/)" 9 **0/9157**
145.239.65.133 - - [20/Sep/2026:06:04:26 -0700] "GET /%E0%A4%9C%E0%A4%BF%E0%A4%B2%E0%A5%8D%E0%A4%B9%E0%A4%BE-%E0%A4%AA%E0%A4%B0%E0%A4%BF%E0%A4%B7%E0%A4%A6-%E0%A4%B6%E0%A4%BE%E0%A4%B3%E0%A5%87%E0%A4%A4-%E0%A4%AC%E0%A4%A8%E0%A4%BE%E0%A4%B5%E0%A4%9F/ HTTP/1.1" 200 7596 "-" "Mozilla/5.0 (compatible; MJ12bot/v1.4.8; http://mj12bot.com/)" 3 **0/3480**
145.239.65.133 - - [20/Sep/2026:06:04:28 -0700] "GET /%E0%A4%9C%E0%A5%8D%E0%A4%9E%E0%A4%BE%E0%A4%A8%E0%A5%80-%E0%A4%A8%E0%A4%BF%E0%A4%B5%E0%A4%A1%E0%A4%A3%E0%A5%82%E0%A4%95/ HTTP/1.1" 200 7509 "-" "Mozilla/5.0 (compatible; MJ12bot/v1.4.8; http://mj12bot.com/)" 2 **0/2830**
145.239.65.133 - - [20/Sep/2026:06:04:30 -0700] "GET /%E0%A4%9F%E0%A4%BF%E0%A4%9F%E0%A4%B5%E0%A4%BE%E0%A4%B3%E0%A4%BE-%E0%A4%AF%E0%A5%87%E0%A4%A5%E0%A5%87-%E0%A4%B6%E0%A4%BF%E0%A4%95%E0%A5%8D%E0%A4%B7%E0%A4%BF%E0%A4%95%E0%A5%87%E0%A4%9A%E0%A5%80/ HTTP/1.1" 200 7594 "-" "Mozilla/5.0 (compatible; MJ12bot/v1.4.8; http://mj12bot.com/)" 3 **0/3652**
145.239.65.133 - - [20/Sep/2026:06:04:33 -0700] "GET /%E0%A4%A4%E0%A4%B0%E0%A5%81%E0%A4%A3%E0%A4%BE%E0%A4%82%E0%A4%9A%E0%A5%80-%E0%A4%AB%E0%A4%B8%E0%A4%B5%E0%A4%A3%E0%A5%82%E0%A4%95-%E0%A4%AC%E0%A4%A8%E0%A4%BE%E0%A4%B5%E0%A4%9F-%E0%A4%B2%E0%A4%97/ HTTP/1.1" 200 7635 "-" "Mozilla/5.0 (compatible; MJ12bot/v1.4.8; http://mj12bot.com/)" 2 **0/2698**
145.239.65.133 - - [20/Sep/2026:06:04:35 -0700] "GET /%E0%A4%A6%E0%A5%87%E0%A4%B6%E0%A4%BE%E0%A4%9A%E0%A5%8D%E0%A4%AF%E0%A4%BE-%E0%A4%B8%E0%A4%B0%E0%A4%A8%E0%A5%8D%E0%A4%AF%E0%A4%BE%E0%A4%AF%E0%A4%BE%E0%A4%A7%E0%A5%80%E0%A4%B6%E0%A4%AA%E0%A4%A6%E0%A5%80/ HTTP/1.1" 200 7574 "-" "Mozilla/5.0 (compatible; MJ12bot/v1.4.8; http://mj12bot.com/)" 3 **0/3000**
145.239.65.133 - - [20/Sep/2026:06:04:38 -0700] "GET /%E0%A4%A6%E0%A5%8B%E0%A4%A8-%E0%A4%AE%E0%A4%B9%E0%A4%BF%E0%A4%A8%E0%A5%8D%E0%A4%AF%E0%A4%BE%E0%A4%A4-%E0%A4%AC%E0%A4%BE%E0%A4%82%E0%A4%A7%E0%A4%95%E0%A4%BE%E0%A4%AE-%E0%A4%AA%E0%A4%BE/ HTTP/1.1" 200 7555 "-" "Mozilla/5.0 (compatible; MJ12bot/v1.4.8; http://mj12bot.com/)" 2 **0/2195**
145.239.65.133 - - [20/Sep/2026:06:04:40 -0700] "GET /%E0%A4%AA%E0%A4%BE%E0%A4%B2%E0%A4%B6%E0%A5%87%E0%A4%A4%E0%A4%9A%E0%A5%87-%E0%A4%B8%E0%A5%81%E0%A4%AA%E0%A5%81%E0%A4%A4%E0%A5%8D%E0%A4%B0-%E0%A4%AD%E0%A4%9C%E0%A4%A8%E0%A5%80%E0%A4%AC%E0%A5%81%E0%A4%B5/ HTTP/1.1" 200 7494 "-" "Mozilla/5.0 (compatible; MJ12bot/v1.4.8; http://mj12bot.com/)" 2 **0/2882**
145.239.65.133 - - [20/Sep/2026:06:04:43 -0700] "GET /%E0%A4%AA%E0%A4%BE%E0%A4%B2%E0%A4%BF%E0%A4%95%E0%A5%87%E0%A4%95%E0%A4%A1%E0%A5%82%E0%A4%A8-%E0%A5%A8%E0%A5%A8%E0%A5%AC-%E0%A4%87%E0%A4%AE%E0%A4%BE%E0%A4%B0%E0%A4%A4%E0%A5%80%E0%A4%82%E0%A4%A8%E0%A4%BE/ HTTP/1.1" 200 7609 "-" "Mozilla/5.0 (compatible; MJ12bot/v1.4.8; http://mj12bot.com/)" 2 **0/2872**
145.239.65.133 - - [20/Sep/2026:06:04:45 -0700] "GET /%E0%A4%AA%E0%A5%8B%E0%A4%B2%E0%A5%80%E0%A4%B8-%E0%A4%AD%E0%A4%B0%E0%A4%A4%E0%A5%80%E0%A4%A4-%E0%A4%89%E0%A4%A4%E0%A5%8D%E0%A4%A4%E0%A5%80%E0%A4%B0%E0%A5%8D%E0%A4%A3-%E0%A4%B9%E0%A5%8B%E0%A4%A3/ HTTP/1.1" 200 7665 "-" "Mozilla/5.0 (compatible; MJ12bot/v1.4.8; http://mj12bot.com/)" 3 **0/3027**
145.239.65.133 - - [20/Sep/2026:06:04:47 -0700] "GET /%E0%A4%AB%E0%A4%A1%E0%A4%A3%E0%A4%B5%E0%A5%80%E0%A4%B8%E0%A4%BE%E0%A4%82%E0%A4%9A%E0%A5%80-%E0%A4%AE%E0%A5%81%E0%A4%82%E0%A4%AC%E0%A4%88-%E0%A4%AE%E0%A4%B9%E0%A4%BE%E0%A4%A8%E0%A4%97%E0%A4%B0%E0%A4%AA/ HTTP/1.1" 200 7608 "-" "Mozilla/5.0 (compatible; MJ12bot/v1.4.8; http://mj12bot.com/)" 2 **0/2855**
145.239.65.133 - - [20/Sep/2026:06:04:50 -0700] "GET /%E0%A4%AC%E0%A4%BF%E0%A4%95%E0%A5%87%E0%A4%B8%E0%A5%80%E0%A4%B5%E0%A4%B0-%E0%A4%97%E0%A4%9F%E0%A4%BE%E0%A4%B0%E0%A5%80-%E0%A4%B8%E0%A4%BE%E0%A4%9C%E0%A4%B0%E0%A5%80-%E0%A4%95%E0%A4%B0/ HTTP/1.1" 200 7590 "-" "Mozilla/5.0 (compatible; MJ12bot/v1.4.8; http://mj12bot.com/)" 2 **0/2809**
145.239.65.133 - - [20/Sep/2026:06:04:52 -0700] "GET /%E0%A4%AD%E0%A4%BE%E0%A4%9C%E0%A4%AA-%E0%A4%A8%E0%A5%87%E0%A4%A4%E0%A5%8D%E0%A4%AF%E0%A4%BE%E0%A4%9A%E0%A5%8D%E0%A4%AF%E0%A4%BE-%E0%A4%86%E0%A4%B0%E0%A5%8B%E0%A4%AA%E0%A4%BE%E0%A4%A8%E0%A5%87/ HTTP/1.1" 200 7574 "-" "Mozilla/5.0 (compatible; MJ12bot/v1.4.8; http://mj12bot.com/)" 3 **0/3114**
145.239.65.133 - - [20/Sep/2026:06:04:55 -0700] "GET /%E0%A4%AE%E0%A4%B9%E0%A4%BE%E0%A4%B0%E0%A4%BE%E0%A4%B7%E0%A5%8D%E0%A4%9F%E0%A5%8D%E0%A4%B0-%E0%A4%8F%E0%A4%A8%E0%A4%B8%E0%A5%80%E0%A4%B8%E0%A5%80-%E0%A4%AA%E0%A4%A5%E0%A4%95%E0%A4%BE%E0%A4%9A%E0%A5%87/ HTTP/1.1" 200 7583 "-" "Mozilla/5.0 (compatible; MJ12bot/v1.4.8; http://mj12bot.com/)" 3 **0/3110**
145.239.65.133 - - [20/Sep/2026:06:04:57 -0700] "GET /%E0%A4%AE%E0%A4%B9%E0%A4%BE%E0%A4%B5%E0%A4%BF%E0%A4%A6%E0%A5%8D%E0%A4%AF%E0%A4%BE%E0%A4%B2%E0%A4%AF%E0%A4%BE%E0%A4%A4-%E0%A4%AA%E0%A5%8D%E0%A4%B0%E0%A4%B5%E0%A5%87%E0%A4%B6%E0%A4%BE%E0%A4%9A%E0%A5%8D/ HTTP/1.1" 200 7597 "-" "Mozilla/5.0 (compatible; MJ12bot/v1.4.8; http://mj12bot.com/)" 8 **0/8196**
145.239.65.133 - - [20/Sep/2026:06:05:00 -0700] "GET /%E0%A4%AE%E0%A4%BE%E0%A4%A4%E0%A4%BE-%E0%A4%B8%E0%A5%81%E0%A4%B0%E0%A4%95%E0%A5%8D%E0%A4%B7%E0%A4%BF%E0%A4%A4-%E0%A4%A4%E0%A4%B0-%E0%A4%98%E0%A4%B0-%E0%A4%B8%E0%A5%81%E0%A4%B0%E0%A4%95%E0%A5%8D/ HTTP/1.1" 200 7556 "-" "Mozilla/5.0 (compatible; MJ12bot/v1.4.8; http://mj12bot.com/)" 6 **0/6312**
145.239.65.133 - - [20/Sep/2026:06:05:02 -0700] "GET /%E0%A4%AE%E0%A5%80-%E0%A4%B6%E0%A4%B0%E0%A4%A6-%E0%A4%AA%E0%A4%B5%E0%A4%BE%E0%A4%B0%E0%A4%BE%E0%A4%82%E0%A4%B8%E0%A5%8B%E0%A4%AC%E0%A4%A4-%E0%A4%85%E0%A4%AE%E0%A5%8B%E0%A4%B2-%E0%A4%95%E0%A5%8B/ HTTP/1.1" 200 7556 "-" "Mozilla/5.0 (compatible; MJ12bot/v1.4.8; http://mj12bot.com/)" 8 **0/8676**
145.239.65.133 - - [20/Sep/2026:06:05:04 -0700] "GET /%E0%A4%AE%E0%A5%81%E0%A4%82%E0%A4%AC%E0%A4%88-%E0%A4%AA%E0%A5%8B%E0%A4%B2%E0%A4%BF%E0%A4%B8%E0%A4%BE%E0%A4%82%E0%A4%A8%E0%A4%BE-%E0%A4%AE%E0%A4%B6%E0%A4%BF%E0%A4%A6%E0%A5%80%E0%A4%82%E0%A4%B5%E0%A4%B0/ HTTP/1.1" 200 7710 "-" "Mozilla/5.0 (compatible; MJ12bot/v1.4.8; http://mj12bot.com/)" 6 **0/6518**
145.239.65.133 - - [20/Sep/2026:06:05:07 -0700] "GET /%E0%A4%AE%E0%A5%81%E0%A4%82%E0%A4%AC%E0%A4%88-%E0%A4%AE%E0%A4%B9%E0%A4%BE%E0%A4%A8%E0%A4%97%E0%A4%B0%E0%A4%AA%E0%A4%BE%E0%A4%B2%E0%A4%BF%E0%A4%95%E0%A5%87%E0%A4%A4-%E0%A4%AA%E0%A5%81%E0%A4%A8%E0%A5%8D/ HTTP/1.1" 200 7549 "-" "Mozilla/5.0 (compatible; MJ12bot/v1.4.8; http://mj12bot.com/)" 4 **0/4611**
145.239.65.133 - - [20/Sep/2026:06:05:09 -0700] "GET /%E0%A4%AE%E0%A5%81%E0%A4%82%E0%A4%AC%E0%A4%88-%E0%A4%B6%E0%A4%B9%E0%A4%B0-%E0%A4%A0%E0%A4%B0%E0%A4%A4%E0%A5%87%E0%A4%AF-%E0%A4%85%E0%A4%AE%E0%A4%B2%E0%A5%80-%E0%A4%AA%E0%A4%A6%E0%A4%BE%E0%A4%B0/ HTTP/1.1" 200 7564 "-" "Mozilla/5.0 (compatible; MJ12bot/v1.4.8; http://mj12bot.com/)" 2 **0/2520**
145.239.65.133 - - [20/Sep/2026:06:05:12 -0700] "GET /%E0%A4%AE%E0%A5%81%E0%A4%96%E0%A5%8D%E0%A4%AF%E0%A4%82%E0%A4%AE%E0%A4%82%E0%A4%A4%E0%A5%8D%E0%A4%B0%E0%A5%8D%E0%A4%AF%E0%A4%BE%E0%A4%82%E0%A4%A8%E0%A5%80-%E0%A4%98%E0%A5%87%E0%A4%A4%E0%A4%B2%E0%A5%80/ HTTP/1.1" 200 7633 "-" "Mozilla/5.0 (compatible; MJ12bot/v1.4.8; http://mj12bot.com/)" 3 **0/3424**
145.239.65.133 - - [20/Sep/2026:06:05:14 -0700] "GET /%E0%A4%AE%E0%A5%81%E0%A4%B8%E0%A5%87%E0%A4%B5%E0%A4%BE%E0%A4%B2%E0%A4%BE-%E0%A4%B9%E0%A4%A4%E0%A5%8D%E0%A4%AF%E0%A5%87%E0%A4%9A%E0%A5%87-%E0%A4%AA%E0%A5%81%E0%A4%A3%E0%A5%87-%E0%A4%95%E0%A4%A8/ HTTP/1.1" 200 7595 "-" "Mozilla/5.0 (compatible; MJ12bot/v1.4.8; http://mj12bot.com/)" 3 **0/3154**
40.77.167.14 - - [20/Sep/2026:06:05:17 -0700] "GET /wp-content/uploads/2026/08/Tukaram-Mundhes-FDA-cracks-down-on-Dominos-licenses-of-3-outlets-cancelled-for-violating-hygiene-norms-e1786602728218.jpg HTTP/2.0" 200 45151 "-" "Mozilla/5.0 AppleWebKit/537.36 (KHTML, like Gecko; compatible; bingbot/2.0; +http://www.bing.com/bingbot.htm) Chrome/116.0.1938.76 Safari/537.36" 14 **0/14116**
145.239.65.133 - - [20/Sep/2026:06:05:17 -0700] "GET /%E0%A4%B0%E0%A4%BE%E0%A4%9C%E0%A5%8D%E0%A4%AF%E0%A4%BE%E0%A4%A4-%E0%A4%8F%E0%A4%A8%E0%A4%B8%E0%A5%80%E0%A4%B8%E0%A5%80%E0%A4%9A%E0%A5%8D%E0%A4%AF%E0%A4%BE-%E0%A4%B5%E0%A4%BF%E0%A4%B8%E0%A5%8D%E0%A4%A4/ HTTP/1.1" 200 7700 "-" "Mozilla/5.0 (compatible; MJ12bot/v1.4.8; http://mj12bot.com/)" 6 **0/6165**
145.239.65.133 - - [20/Sep/2026:06:05:19 -0700] "GET /%E0%A4%B5%E0%A4%BF%E0%A4%A6%E0%A5%8D%E0%A4%AF%E0%A4%BE%E0%A4%B0%E0%A5%8D%E0%A4%A5%E0%A5%8D%E0%A4%AF%E0%A4%BE%E0%A4%82%E0%A4%A8%E0%A4%BE-%E0%A4%95%E0%A5%8C%E0%A4%B6%E0%A4%B2%E0%A5%8D%E0%A4%AF-%E0%A4%86/ HTTP/1.1" 200 7569 "-" "Mozilla/5.0 (compatible; MJ12bot/v1.4.8; http://mj12bot.com/)" 2 **0/2914**
145.239.65.133 - - [20/Sep/2026:06:05:22 -0700] "GET /%E0%A4%B6%E0%A5%8D%E0%A4%B0%E0%A5%80%E0%A4%A8%E0%A4%97%E0%A4%B0%E0%A4%AE%E0%A4%A7%E0%A5%8D%E0%A4%AF%E0%A5%87-%E0%A4%9C%E0%A4%BE%E0%A4%97%E0%A4%BE-%E0%A4%96%E0%A4%BE%E0%A4%B2%E0%A5%80-%E0%A4%AE/ HTTP/1.1" 200 7720 "-" "Mozilla/5.0 (compatible; MJ12bot/v1.4.8; http://mj12bot.com/)" 2 **0/2807**
13.214.31.251 - - [20/Sep/2026:06:05:27 -0700] "GET /fish-arrivals-have-increased-but-prices-have-dropped-market-slump-raises-concerns-among-fishermen/ HTTP/2.0" 200 7414 "https://www.maharashtracrimetimes.com/fish-arrivals-have-increased-but-prices-have-dropped-market-slump-raises-concerns-among-fishermen/" "Mozilla/5.0 (Macintosh; Intel Mac OS X 10_15_7) AppleWebKit/537.36 (KHTML, like Gecko) Chrome/123.0.0.0 Safari/537.36" 4 **0/4025**
185.191.171.10 - - [20/Sep/2026:06:05:38 -0700] "GET /central-railway-has-undertaken-an-important-project/ HTTP/1.1" 200 29993 "-" "Mozilla/5.0 (compatible; SemrushBot/7~bl; +http://www.semrush.com/bot.html)" 1577 **1/1577126**
31.13.103.115 - - [20/Sep/2026:06:06:29 -0700] "GET /wp-content/uploads/2026/09/Did-ChatGPT-claim-a-life-IIT-Bombay-students-death-case-takes-a-new-turn.-e1789795798992.png HTTP/2.0" 200 401244 "-" "facebookexternalhit/1.1 (+http://www.facebook.com/externalhit_uatext.php)" 402 **0/402379**
